{"id":11449,"date":"2014-09-23T13:54:42","date_gmt":"2014-09-23T13:54:42","guid":{"rendered":"http:\/\/localhost\/themes\/unicon_xml\/?page_id=11449"},"modified":"2026-01-22T00:52:06","modified_gmt":"2026-01-22T00:52:06","slug":"home-vertical-slider","status":"publish","type":"page","link":"https:\/\/printstgo.cl\/?page_id=11449","title":{"rendered":"QUIENES SOMOS"},"content":{"rendered":"<p>[vc_row type=\u00bbfull_width_section\u00bb bg_position=\u00bbleft top\u00bb][vc_column width=\u00bb1\/1&#8243;][rev_slider_vc alias=\u00bbfullscreen\u00bb][\/vc_column][\/vc_row][vc_row bg_color=\u00bb#222222&#8243; text_color=\u00bblight\u00bb top_padding=\u00bb120&#8243; bottom_padding=\u00bb120&#8243; bg_position=\u00bbleft top\u00bb][vc_column width=\u00bb1\/3&#8243;]<h1 class=\"headline font-special fontsize-xxxxl fontweight-700 lh-inherit align-left transform-uppercase \" style=\"margin: 0 0 20px 0;\">PRINT STGO<\/h1><div class=\"divider divider5\" style='margin:0 0 0 0 !important;'><\/div>[\/vc_column][vc_column animation=\u00bbfade-in-from-left\u00bb width=\u00bb2\/3&#8243;][vc_empty_space height=\u00bb20px\u00bb][vc_column_text]<\/p>\n<p>14 a\u00f1os en todas sus dimensiones: dise\u00f1o, ilustraci\u00f3n, impresi\u00f3n editorial, publicitaria, promocional, etiquetas, packaging, comunicaci\u00f3n visual, POP, v\u00eda p\u00fablica, impresi\u00f3n textil, fotograf\u00eda, impresi\u00f3n funcional&#8230;[\/vc_column_text][\/vc_column][\/vc_row][vc_row top_padding=\u00bb120&#8243; bottom_padding=\u00bb120&#8243; bg_position=\u00bbleft top\u00bb][vc_column width=\u00bb1\/3&#8243;]<h1 class=\"headline font-special fontsize-xxxxl fontweight-900 lh-inherit align-left transform-uppercase \" style=\"margin: 0 0 10px 0; color: #dd0000;\">2012 &#8211; 2026<\/h1><div class=\"divider divider6\" style='margin:0 0 40px 0 !important;'><\/div><h3 class=\"headline font-special fontsize-xxl fontweight-800 lh-12 align-left transform-uppercase \" style=\"margin: 0 0 10px 0;\">TRAYECTORIA<br \/>\nPRINT STGO<br \/>\nFERIA BIANUAL<\/h3>[\/vc_column][vc_column width=\u00bb1\/3&#8243;][vc_empty_space]<h2 class=\"headline font-special fontsize-xl fontweight-800 lh-inherit align-left transform-uppercase \" style=\"margin: 0 0 10px 0;\">EXPOSITORES<\/h2><div class=\"divider divider5\" style='margin:0 0 40px 0 !important;'><\/div>[vc_column_text]<\/p>\n<h4>M\u00e1s de 350 expositores han sumado las<br \/>\ndiferentes versiones de Print Stgo desde el<br \/>\na\u00f1o 2012.<\/h4>\n<p>[\/vc_column_text][\/vc_column][vc_column width=\u00bb1\/3&#8243;][vc_empty_space]<h2 class=\"headline font-special fontsize-xl fontweight-800 lh-inherit align-left transform-uppercase \" style=\"margin: 0 0 10px 0;\">ASISTENTES<\/h2><div class=\"divider divider5\" style='margin:0 0 40px 0 !important;'><\/div>[vc_column_text]<\/p>\n<h4>Durante estos 14 a\u00f1os de actividad hemos reunido a m\u00e1s de 30 mil asistentes<br \/>\npresenciales y mas de 120 mil por las plataformas digitales.<\/h4>\n<p>[\/vc_column_text][\/vc_column][\/vc_row][vc_row bg_color=\u00bb#222222&#8243; text_color=\u00bblight\u00bb top_padding=\u00bb120&#8243; bottom_padding=\u00bb120&#8243; bg_position=\u00bbleft top\u00bb][vc_column width=\u00bb1\/3&#8243;]<h2 class=\"headline font-special fontsize-xxl fontweight-700 lh-12 align-left transform-uppercase \" style=\"margin: 0 0 20px 0;\">CONCENTRACI\u00d3N<br \/>\nDE PODER<br \/>\nDE COMPRA<\/h2><div class=\"divider divider5\" style='margin:0 0 0 0 !important;'><\/div><h3 class=\"headline font-special fontsize-m fontweight-600 lh-12 align-left transform-inherit \" style=\"margin: 20px 0 20px 0;\">La segmentaci\u00f3n por giro confirma que la feria es un evento de compra y especificaci\u00f3n<\/h3>[\/vc_column][vc_column width=\u00bb2\/3&#8243;][vc_column_text]<\/p>\n<p data-start=\"144\" data-end=\"312\"><strong data-start=\"144\" data-end=\"164\">1.396 Impresores<\/strong><br data-start=\"164\" data-end=\"167\" \/>Contacto directo con <strong data-start=\"188\" data-end=\"239\">propietarios de imprentas y jefes de producci\u00f3n<\/strong>.<br data-start=\"240\" data-end=\"243\" \/>El p\u00fablico ideal para la <strong data-start=\"268\" data-end=\"311\">venta de maquinaria, insumos y software<\/strong>.<\/p>\n<p data-start=\"314\" data-end=\"490\"><strong data-start=\"314\" data-end=\"351\">1.697 Emprendedores y productores<\/strong><br data-start=\"351\" data-end=\"354\" \/>La oportunidad perfecta para <strong data-start=\"383\" data-end=\"429\">prescribir e introducir nuevas tecnolog\u00edas<\/strong>, desde <strong data-start=\"437\" data-end=\"444\">DTF<\/strong> hasta <strong data-start=\"451\" data-end=\"489\" data-is-only-node=\"\">equipos ecosolventes y sublimaci\u00f3n<\/strong>.<\/p>\n<p data-start=\"492\" data-end=\"659\"><strong data-start=\"492\" data-end=\"530\">3.093 Profesionales independientes<\/strong><br data-start=\"530\" data-end=\"533\" \/>Dise\u00f1adores, creadores y autodidactas en constante b\u00fasqueda de <strong data-start=\"596\" data-end=\"658\">innovaci\u00f3n, capacitaci\u00f3n y nuevas oportunidades de negocio<\/strong>.<\/p>\n<p>[\/vc_column_text][\/vc_column][\/vc_row][vc_row type=\u00bbfull_width_section\u00bb bg_color=\u00bb#fafafa\u00bb top_padding=\u00bb100&#8243; bottom_padding=\u00bb60&#8243; bg_position=\u00bbleft top\u00bb][vc_column width=\u00bb1\/1&#8243;]\n\t\t<div class=\"portfolio-element\">\n\n\t\t\n\t\t\t\t\t<div class=\"container\">\n\t\t\n\t\t\t\t\t<div id=\"1790007173\" class=\"portfolio-items portfolio-grid portfolio-overlay-name clearfix\" data-id=\"1790007173\">  \n\t\t\t\t\t\t\n\t\t\t\t\t\t\t\n\t\t\t\t\t\t\t\n\t\t\t\t\t\t\n\t\t\t\t\t\t\t\t\t\t\t\t\t\t\t\t\n\t\t\t\t\t\t\t\t   \n\n\t\t\t\t\t\t\t\t<div class=\"portfolio-item one-third column\">\n\t\t\t\t\t\t\t\t\t<div class=\"portfolio-image\"><a href=\"https:\/\/printstgo.cl\/?portfolio=ahorro-en-prospeccion\" title=\"Ahorro en prospecci\u00f3n: M\u00e1s de 5.400 profesionales calificados, sin contactos fr\u00edos.\"><div class=\"portfolio-image-img\"><img decoding=\"async\" src=\"https:\/\/printstgo.cl\/wp-content\/uploads\/2014\/12\/1-1000x608.jpg\" alt=\"Ahorro en prospecci\u00f3n: M\u00e1s de 5.400 profesionales calificados, sin contactos fr\u00edos.\" \/><\/div><div class=\"portfolio-overlay overlay-name\"><span>Ahorro en prospecci\u00f3n: M\u00e1s de 5.400 profesionales calificados, sin contactos fr\u00edos.<\/span><i class=\"icon-minti-plus\"><\/i><\/div><\/a><\/div>\n\t\t\t\t\t\t\t\t<\/div>\n\n\t\t\t\t\t\t\t\t\t\t\t\t  \n\t\t\t\t\t\t\n\t\t\t\t\t\t\t\n\t\t\t\t\t\t\t\n\t\t\t\t\t\t\n\t\t\t\t\t\t\t\t\t\t\t\t\t\t\t\t\n\t\t\t\t\t\t\t\t   \n\n\t\t\t\t\t\t\t\t<div class=\"portfolio-item one-third column\">\n\t\t\t\t\t\t\t\t\t<div class=\"portfolio-image\"><a href=\"https:\/\/printstgo.cl\/?portfolio=ciclo-venta-acelerado\" title=\"Ciclo de venta acelerado: Decisor y prescriptor juntos, negociaciones m\u00e1s r\u00e1pidas.\"><div class=\"portfolio-image-img\"><img decoding=\"async\" src=\"https:\/\/printstgo.cl\/wp-content\/uploads\/2014\/12\/image-1-1000x640.jpg\" alt=\"Ciclo de venta acelerado: Decisor y prescriptor juntos, negociaciones m\u00e1s r\u00e1pidas.\" \/><\/div><div class=\"portfolio-overlay overlay-name\"><span>Ciclo de venta acelerado: Decisor y prescriptor juntos, negociaciones m\u00e1s r\u00e1pidas.<\/span><i class=\"icon-minti-plus\"><\/i><\/div><\/a><\/div>\n\t\t\t\t\t\t\t\t<\/div>\n\n\t\t\t\t\t\t\t\t\t\t\t\t  \n\t\t\t\t\t\t\n\t\t\t\t\t\t\t\n\t\t\t\t\t\t\t\n\t\t\t\t\t\t\n\t\t\t\t\t\t\t\t\t\t\t\t\t\t\t\t\n\t\t\t\t\t\t\t\t   \n\n\t\t\t\t\t\t\t\t<div class=\"portfolio-item one-third column\">\n\t\t\t\t\t\t\t\t\t<div class=\"portfolio-image\"><a href=\"https:\/\/printstgo.cl\/?portfolio=fortaleza-de-marca\" title=\"Fortaleza de marca: Liderazgo visible para m\u00e1s de la mitad de su mercado objetivo.\"><div class=\"portfolio-image-img\"><img decoding=\"async\" src=\"https:\/\/printstgo.cl\/wp-content\/uploads\/2014\/12\/image-2-1000x640.jpg\" alt=\"Fortaleza de marca: Liderazgo visible para m\u00e1s de la mitad de su mercado objetivo.\" \/><\/div><div class=\"portfolio-overlay overlay-name\"><span>Fortaleza de marca: Liderazgo visible para m\u00e1s de la mitad de su mercado objetivo.<\/span><i class=\"icon-minti-plus\"><\/i><\/div><\/a><\/div>\n\t\t\t\t\t\t\t\t<\/div>\n\n\t\t\t\t\t\t\t\t\t\t\t\t  \n\t\t\t\t\t\t\t\t\t\t\t<\/div>\n\n\t\t\t\t\t<\/div>\n\t\t\n\t\t<\/div>\n\t\t\t\n\t\t\t\t\n\t\t[\/vc_column][\/vc_row]<\/p>\n","protected":false},"excerpt":{"rendered":"<p>[vc_row type=\u00bbfull_width_section\u00bb bg_position=\u00bbleft top\u00bb][vc_column width=\u00bb1\/1&#8243;][rev_slider_vc alias=\u00bbfullscreen\u00bb][\/vc_column][\/vc_row][vc_row bg_color=\u00bb#222222&#8243; text_color=\u00bblight\u00bb top_padding=\u00bb120&#8243; bottom_padding=\u00bb120&#8243; bg_position=\u00bbleft top\u00bb][vc_column width=\u00bb1\/3&#8243;][\/vc_column][vc_column animation=\u00bbfade-in-from-left\u00bb width=\u00bb2\/3&#8243;][vc_empty_space height=\u00bb20px\u00bb][vc_column_text] 14 a\u00f1os en todas sus dimensiones: dise\u00f1o, ilustraci\u00f3n, impresi\u00f3n editorial, publicitaria, promocional, etiquetas, packaging, comunicaci\u00f3n visual, POP, v\u00eda p\u00fablica, impresi\u00f3n textil, fotograf\u00eda, impresi\u00f3n funcional&#8230;[\/vc_column_text][\/vc_column][\/vc_row][vc_row top_padding=\u00bb120&#8243; bottom_padding=\u00bb120&#8243; bg_position=\u00bbleft top\u00bb][vc_column width=\u00bb1\/3&#8243;][\/vc_column][vc_column width=\u00bb1\/3&#8243;][vc_empty_space][vc_column_text] M\u00e1s de 350 expositores han sumado las diferentes versiones de Print Stgo desde el a\u00f1o 2012. [\/vc_column_text][\/vc_column][vc_column width=\u00bb1\/3&#8243;][vc_empty_space][vc_column_text] Durante estos 14 a\u00f1os de actividad hemos reunido a m\u00e1s de 30 mil asistentes presenciales y mas de 120 mil por las plataformas digitales. [\/vc_column_text][\/vc_column][\/vc_row][vc_row bg_color=\u00bb#222222&#8243; text_color=\u00bblight\u00bb top_padding=\u00bb120&#8243; bottom_padding=\u00bb120&#8243; bg_position=\u00bbleft top\u00bb][vc_column width=\u00bb1\/3&#8243;][\/vc_column][vc_column width=\u00bb2\/3&#8243;][vc_column_text] 1.396 ImpresoresContacto directo con propietarios de imprentas y jefes de producci\u00f3n.El p\u00fablico ideal para la venta de maquinaria, insumos y software. 1.697 Emprendedores y productoresLa oportunidad perfecta para prescribir e introducir nuevas tecnolog\u00edas, desde DTF hasta equipos ecosolventes y sublimaci\u00f3n. 3.093 Profesionales independientesDise\u00f1adores, creadores y autodidactas en constante b\u00fasqueda de innovaci\u00f3n, capacitaci\u00f3n y nuevas oportunidades de negocio. [\/vc_column_text][\/vc_column][\/vc_row][vc_row type=\u00bbfull_width_section\u00bb bg_color=\u00bb#fafafa\u00bb top_padding=\u00bb100&#8243; bottom_padding=\u00bb60&#8243; bg_position=\u00bbleft top\u00bb][vc_column width=\u00bb1\/1&#8243;][\/vc_column][\/vc_row]<\/p>\n","protected":false},"author":1,"featured_media":0,"parent":0,"menu_order":0,"comment_status":"open","ping_status":"open","template":"","meta":{"footnotes":""},"class_list":["post-11449","page","type-page","status-publish","hentry"],"_links":{"self":[{"href":"https:\/\/printstgo.cl\/index.php?rest_route=\/wp\/v2\/pages\/11449","targetHints":{"allow":["GET"]}}],"collection":[{"href":"https:\/\/printstgo.cl\/index.php?rest_route=\/wp\/v2\/pages"}],"about":[{"href":"https:\/\/printstgo.cl\/index.php?rest_route=\/wp\/v2\/types\/page"}],"author":[{"embeddable":true,"href":"https:\/\/printstgo.cl\/index.php?rest_route=\/wp\/v2\/users\/1"}],"replies":[{"embeddable":true,"href":"https:\/\/printstgo.cl\/index.php?rest_route=%2Fwp%2Fv2%2Fcomments&post=11449"}],"version-history":[{"count":23,"href":"https:\/\/printstgo.cl\/index.php?rest_route=\/wp\/v2\/pages\/11449\/revisions"}],"predecessor-version":[{"id":15646,"href":"https:\/\/printstgo.cl\/index.php?rest_route=\/wp\/v2\/pages\/11449\/revisions\/15646"}],"wp:attachment":[{"href":"https:\/\/printstgo.cl\/index.php?rest_route=%2Fwp%2Fv2%2Fmedia&parent=11449"}],"curies":[{"name":"wp","href":"https:\/\/api.w.org\/{rel}","templated":true}]}}